 + 111357?
111361
In base 4, what is -3 + 302020?
302011
In base 11, what is -90314 + 0?
-90314
In base 4, what is 20102020 + -2?
20102012
In base 12, what is -3 - 90492?
-90495
In base 13, what is -6 - 5a965?
-5a96b
In base 15, what is -1c5 + -13a?
-310
In base 10, what is -570 + 5?
-565
In base 16, what is 322d - -71?
329e
In base 16, what is -2c + 86c?
840
In base 16, what is fd + -614?
-517
In base 6, what is 114 + 334?
452
In base 11, what is -3a2a8 + 1?
-3a2a7
In base 14, what is -5 + -913cb?
-913d2
In base 11, what is -1668 - -1?
-1667
In base 7, what is 514 - -520?
1334
In base 6, what is 1 + 10135421?
10135422
In base 10, what is -11608 + -1?
-11609
In base 10, what is 319144 + -3?
319141
In base 10, what is -1455 + 52?
-1403
In base 6, what is -203045 + 5?
-203040
In base 5, what is 13330040 - 0?
13330040
In base 11, what is -1 - -23304?
23303
In base 8, what is 2046 - 2506?
-440
In base 9, what is 38 - 87?
-48
In base 11, what is -8a0 - 4?
-8a4
In base 2, what is -111100100101110 + -100001?
-111100101001111
In base 10, what is -32538 + 26?
-32512
In base 12, what is -3 + -2585?
-2588
In base 2, what is 1100 - 11000111100001?
-11000111010101
In base 4, what is 1130221 - 211?
1130010
In base 15, what is -1c + 2c6?
2a9
In base 16, what is -b + 250ec?
250e1
In base 7, what is -2 - 34235?
-34240
In base 5, what is 44014 - -230?
44244
In base 6, what is -3 - -3445540?
3445533
In base 8, what is -30 + -5772?
-6022
In base 5, what is 1 - -34222211?
34222212
In base 15, what is 16 - -e54?
e6a
In base 7, what is 2 - -222540?
222542
In base 10, what is 13 - -58?
71
In base 16, what is 4 - 8475?
-8471
In base 11, what is 6 - 37638?
-37632
In base 11, what is -149648 - -1?
-149647
In base 14, what is -1d68 - -32?
-1d36
In base 7, what is -36 + -1315?
-1354
In base 6, what is 104155 - -10?
104205
In base 12, what is -8612 - 11?
-8623
In base 16, what is 121 + c2?
1e3
In base 3, what is -112 - -2101212110?
2101211221
In base 14, what is 112ad - -5?
112b4
In base 12, what is 713621 + -1?
713620
In base 2, what is 0 - -110000010110011010011?
110000010110011010011
In base 15, what is 1340 + -7?
1338
In base 11, what is 40448 - 5?
40443
In base 2, what is -110 - 100000?
-100110
In base 6, what is 1 + 153023?
153024
In base 13, what is 406b + -7?
4064
In base 12, what is 11b - 4040?
-3b21
In base 11, what is 3729 - 1?
3728
In base 13, what is -460c5 + 11?
-460b4
In base 13, what is -76b + -13b5?
-1b53
In base 16, what is -bb1f1 + 5?
-bb1ec
In base 8, what is -5245 + -22?
-5267
In base 16, what is -96 + 1d1d?
1c87
In base 6, what is 11532 - -10?
11542
In base 6, what is -2325 + -130?
-2455
In base 15, what is -20 + 2790c?
278dc
In base 11, what is -1585a9 - -1?
-1585a8
In base 12, what is -1378 - -77?
-1301
In base 7, what is 4066 + -4060?
6
In base 8, what is 10344 - -3?
10347
In base 10, what is -74 + -5706?
-5780
In base 10, what is -6 - 343493?
-343499
In base 7, what is -5120210 + -3?
-5120213
In base 11, what is -9 - 1235?
-1243
In base 5, what is -24020 - 11123?
-40143
In base 8, what is 467307 + -5?
467302
In base 10, what is -8744 + 0?
-8744
In base 9, what is 3 + 710273?
710276
In base 10, what is -41381 - 6?
-41387
In base 15, what is 23aea - -3?
23aed
In base 13, what is -1 - 83116?
-83117
In base 16, what is -144 + -3c?
-180
In base 4, what is -20032 - -2333?
-11033
In base 13, what is 2ab0a + -5?
2ab05
In base 6, what is 0 - 134115?
-134115
In base 12, what is -30 + 335?
305
In base 12, what is -6 + -44a3?
-44a9
In base 15, what is 0 - -2229?
2229
In base 2, what is -1 + -101010110001?
-101010110010
In base 2, what is 110100 + -100010110100?
-100010000000
In base 11, what is -4070 - a7?
-4167
In base 8, what is 676 + 121?
1017
In base 5, what is -1 - -112443?
112442
In base 2, what is -10001001 - 101010001111011?
-101010100000100
In base 8, what is -20221311 - 5?
-20221316
In base 2, what is 1001101 + 10011011001?
10100100110
In base 16, what is 3 - 26b9?
-26b6
In base 13, what is -3a - -66b?
631
In base 16, what is b + 8113?
811e
In base 12, what is -4b7674 + -3?
-4b7677
In base 10, what is 2575 - -21?
2596
In base 16, what is 0 - -1e8a?
1e8a
In base 2, what is -101 + -10111010100111010011?
-10111010100111011000
In base 15, what is cd + -3c5?
-2e7
In base 14, what is 2a - -30177?
301a3
In base 3, what is 100 + 21022120?
21022220
In base 4, what is -31211011231 + -10?
-31211011301
In base 8, what is -10745 - -107?
-10636
In base 14, what is 1d4506 - 4?
1d4502
In base 13, what is -11 + 80b1?
80a0
In base 7, what is 1050 - 250?
500
In base 15, what is 0 - -5529?
5529
In base 9, what is -25161 + -2?
-25163
In base 10, what is 3 + -44765?
-44762
In base 3, what is 100211110020212 - -11?
100211110021000
In base 2, what is -100110000 - 100011001010?
-100111111010
In base 9, what is 1381 + 162?
1553
In base 16, what is -9 - 6999?
-69a2
In base 8, what is -774224 + 17?
-774205
In base 8, what is 1325214 - -3?
1325217
In base 2, what is -101101110010110 - 0?
-101101110010110
In base 12, what is -7569 + 15?
-7554
In base 10, what is 10 + -410?
-400
In base 2, what is -110000101101001 - 10?
-110000101101011
In base 8, what is -7725 - 72?
-10017
In base 13, what is 1955 - -2b0?
1c35
In base 10, what is -1 + 5057?
5056
In base 14, what is 0 + 2103?
2103
In base 11, what is 62 + 673?
725
In base 7, what is -14445 + 1063?
-13352
In base 16, what is 4 - -28642?
28646
In base 5, what is -3220210 + 1?
-3220204
In base 13, what is -23899 - 4?
-238a0
In base 3, what is -1212201 + -1100?
-1221001
In base 5, what is -3400011 - 10?
-3400021
In base 9, what is -40185 + -7?
-40203
In base 11, what is 68 + 14704?
14771
In base 4, what is 10 + 13031221?
13031231
In base 2, what is -1001100111010001011100 - -11?
-1001100111010001011001
In base 9, what is 31632 - 3?
31628
In base 16, what is -21f - 907?
-b26
In base 16, what is 20 + -9d4d?
-9d2d
In base 3, what is -1 - -2102220?
2102212
In base 3, what is 10 + -210012121?
-210012111
In base 15, what is ed65 - 5?
ed60
In base 8, what is -4 + -243325?
-243331
In base 9, what is 362 + 364?
736
In base 4, what is -22013212 - -101?
-22013111
In base 13, what is -47aa4 + -4?
-47aa8
In base 13, what is -554c + -31?
-5580
In base 8, what is 4 - 317765?
-317761
In base 5, what is 2212 + 23402?
31114
In base 11, what is 142a - 38?
13a2
In base 8, what is -421156 - -101?
-421055
In base 8, what is 45431 + 67?
45520
In base 2, what is -101100 - -101111011101111?
101111011000011
In base 11, what is 45a982 + 3?
45a985
In base 8, what is 17752 + 2?
17754
In base 4, what is 1120012100 + -3?
1120012031
In base 14, what is -880 + 1b?
-863
In base 7, what is 550425 + -12?
550413
In base 8, what is 25 - -5406?
5433
In base 2, what is 111 - 11101100000001111?
-11101100000001000
In base 7, what is -4 - -6454231?
6454224
In base 3, what is 1 + -10012100122?
-10012100121
In base 4, what is 2321012 - -10?
2321022
In base 8, what is -4215 + 1465?
-2530
In base 4, what is 22332132310 + -11?
22332132233
In base 8, what is -5 - 435327?
-435334
In base 16, what is -76dd - 5?
-76e2
In base 14, what is -104cd - a4?
-10593
In base 15, what is -4 + -31a99?
-31a9d
In base 7, what is 153 - 16255?
-16102
In base 6, what is 2043044 - 3?
2043041
In base 6, what is -13 - 130?
-143
In base 7, what is -5222051 + 5?
-5222043
In base 2, what is 100001000111110 - 101?
100001000111001
In base 10, what is -1752 - -452?
-1300
In base 3, what is 11112020 - 1122?
11110121
In base 10, what is 5725375 - 5?
5725370
In base 14, what is 36cba - -1?
36cbb
In base 11, what is -4 + -13807?
-13810
In base 8, what is 1166 + 54?
1242
In base 8, what is 2 - -1470071?
1470073
In base 16, what is -11 + -1da27?
-1da38
In base 13, what is -8ac4 - -26?
-8a9b
In base 13, what is -61 - -24?
-3a
In base 13, what is 3 - 6127?
-6124
In base 14, what is 3 - -1dc6b7?
1dc6ba
In base 2, what is -1110100001 + 110000?
-1101110001
In base 3, what is 10010000000102 + 12?
10010000000121
In base 13, what is -115b - c?
-116a
In base 12, what is -243 - -12?
-231
In base 10, what is -58345 + 5?
-58340
In base 11, what is -2 + 37217?
37215
In base 3, what is 12 + 2222201?
2222220
In base 15, what is -e2bb - -1c?
-e29e
In base 7, what is 1204021 + 0?
1204021
In base 11, what is -1 - 2a2665?
-2a2666